when 55 is divided by 26?
3
What is the remainder when 184 is divided by 37?
36
Calculate the remainder when 182 is divided by 100.
82
Calculate the remainder when 682 is divided by 335.
12
What is the remainder when 367 is divided by 19?
6
What is the remainder when 7805 is divided by 122?
119
What is the remainder when 696 is divided by 49?
10
Calculate the remainder when 75 is divided by 16.
11
What is the remainder when 24835 is divided by 59?
55
What is the remainder when 327 is divided by 113?
101
Calculate the remainder when 205 is divided by 86.
33
What is the remainder when 106 is divided by 5?
1
Calculate the remainder when 3143 is divided by 11.
8
Calculate the remainder when 46808 is divided by 21.
20
Calculate the remainder when 47 is divided by 24.
23
What is the remainder when 124 is divided by 86?
38
Calculate the remainder when 10091 is divided by 116.
115
What is the remainder when 21 is divided by 6?
3
Calculate the remainder when 136 is divided by 24.
16
Calculate the remainder when 403 is divided by 70.
53
Calculate the remainder when 4460 is divided by 19.
14
Calculate the remainder when 534 is divided by 67.
65
Calculate the remainder when 232 is divided by 40.
32
What is the remainder when 690 is divided by 115?
0
What is the remainder when 405 is divided by 41?
36
Calculate the remainder when 4512 is divided by 215.
212
What is the remainder when 323 is divided by 80?
3
What is the remainder when 95 is divided by 48?
47
Calculate the remainder when 5866 is divided by 163.
161
What is the remainder when 11229 is divided by 32?
29
What is the remainder when 36 is divided by 35?
1
What is the remainder when 814 is divided by 13?
8
Calculate the remainder when 238 is divided by 30.
28
What is the remainder when 65 is divided by 22?
21
Calculate the remainder when 119 is divided by 49.
21
What is the remainder when 94 is divided by 12?
10
What is the remainder when 6681 is divided by 2226?
3
What is the remainder when 10778 is divided by 55?
53
Calculate the remainder when 370 is divided by 3.
1
Calculate the remainder when 651 is divided by 15.
6
What is the remainder when 1452 is divided by 48?
12
Calculate the remainder when 2718 is divided by 17.
15
Calculate the remainder when 322 is divided by 8.
2
What is the remainder when 2200 is divided by 9?
4
Calculate the remainder when 769 is divided by 44.
21
Calculate the remainder when 254 is divided by 15.
14
What is the remainder when 236 is divided by 121?
115
Calculate the remainder when 21625 is divided by 22.
21
Calculate the remainder when 932 is divided by 156.
152
What is the remainder when 130 is divided by 35?
25
What is the remainder when 346 is divided by 139?
68
Calculate the remainder when 16132 is divided by 73.
72
Calculate the remainder when 223 is divided by 19.
14
Calculate the remainder when 323 is divided by 108.
107
What is the remainder when 769 is divided by 97?
90
Calculate the remainder when 21 is divided by 4.
1
Calculate the remainder when 1115 is divided by 40.
35
What is the remainder when 217 is divided by 11?
8
Calculate the remainder when 7134 is divided by 117.
114
What is the remainder when 149 is divided by 10?
9
What is the remainder when 630 is divided by 106?
100
Calculate the remainder when 3793 is divided by 1258.
19
What is the remainder when 1073 is divided by 108?
101
Calculate the remainder when 5205 is divided by 4.
1
Calculate the remainder when 431 is divided by 212.
7
Calculate the remainder when 353 is divided by 56.
17
Calculate the remainder when 335 is divided by 12.
11
What is the remainder when 1348 is divided by 452?
444
What is the remainder when 47 is divided by 42?
5
Calculate the remainder when 607 is divided by 97.
25
What is the remainder when 153 is divided by 39?
36
Calculate the remainder when 283 is divided by 160.
123
What is the remainder when 1284 is divided by 15?
9
What is the remainder when 197 is divided by 93?
11
What is the remainder when 244 is divided by 60?
4
Calculate the remainder when 16672 is divided by 42.
40
Calculate the remainder when 36 is divided by 3.
0
What is the remainder when 4160 is divided by 35?
30
What is the remainder when 248 is divided by 37?
26
Calculate the remainder when 624 is divided by 309.
6
What is the remainder when 3619 is divided by 103?
14
What is the remainder when 47 is divided by 13?
8
What is the remainder when 58 is divided by 31?
27
What is the remainder when 85 is divided by 44?
41
Calculate the remainder when 790 is divided by 26.
10
What is the remainder when 33 is divided by 6?
3
Calculate the remainder when 1529 is divided by 28.
17
What is the remainder when 709 is divided by 346?
17
Calculate the remainder when 218 is divided by 74.
70
What is the remainder when 1748 is divided by 217?
12
What is the remainder when 8313 is divided by 57?
48
Calculate the remainder when 220 is divided by 208.
12
Calculate the remainder when 1914 is divided by 950.
14
Calculate the remainder when 2170 is divided by 29.
24
What is the remainder when 183 is divided by 183?
0
Calculate the remainder when 224 is divided by 33.
26
What is the remainder when 70 is divided by 36?
34
What is the remainder when 158 is divided by 146?
12
Calculate the remainder when 1022 is divided by 133.
91
What is the remainder when 575 is divided by 18?
17
Calculate the remainder when 1029 is divided by 206.
205
Calculate the remainder when 699 is divided by 11.
6
Calculate the remainder when 362 is divided by 33.
32
What is the remainder when 701 is divided by 117?
116
What is the remainder when 767 is divided by 192?
191
What is the remainder when 5679 is divided by 8?
7
Calculate the remainder when 14847 is divided by 198.
195
Calculate the remainder when 717 is divided by 60.
57
What is the remainder when 1905 is divided by 10?
5
Calculate the remainder when 53 is divided by 17.
2
Calculate the remainder when 5432 is divided by 181.
2
What is the remainder when 1784 is divided by 3?
2
What is the remainder when 20 is divided by 14?
6
What is the remainder when 44 is divided by 7?
2
What is the remainder when 484 is divided by 262?
222
What is the remainder when 4855 is divided by 27?
22
Calculate the remainder when 1990 is divided by 56.
30
What is the remainder when 671 is divided by 26?
21
What is the remainder when 307 is divided by 111?
85
What is the remainder when 221 is divided by 56?
53
What is the remainder when 128 is divided by 6?
2
What is the remainder when 113 is divided by 67?
46
Calculate the remainder when 1354 is divided by 1347.
7
Calculate the remainder when 103 is divided by 46.
11
Calculate the remainder when 132 is divided by 19.
18
Calculate the remainder when 7845 is divided by 119.
110
Calculate the remainder when 189 is divided by 33.
24
Calculate the remainder when 1712 is divided by 562.
26
Calculate the remainder when 1545 is divided by 13.
11
What is the remainder when 78 is divided by 23?
9
Calculate the remainder when 81 is divided by 54.
27
What is the remainder when 370 is divided by 66?
40
What is the remainder when 935 is divided by 144?
71
Calculate the remainder when 360 is divided by 52.
48
What is the remainder when 347 is divided by 87?
86
What is the remainder when 880 is divided by 24?
16
What is the remainder when 236 is divided by 12?
8
Calculate the remainder when 521 is divided by 53.
44
Calculate the remainder when 125 is divided by 19.
11
What is the remainder when 402 is divided by 48?
18
What is the remainder when 923 is divided by 457?
9
Calculate the remainder when 5210 is divided by 20.
10
What is the remainder when 45 is divided by 12?
9
Calculate the remainder when 4474 is divided by 20.
14
What is the remainder when 133 is divided by 45?
43
Calculate the remainder when 377 is divided by 70.
27
What is the remainder when 3535 is divided by 30?
25
Calculate the remainder when 370 is divided by 57.
28
What is the remainder when 168 is divided by 27?
6
What is the remainder when 1098 is divided by 4?
2
What is the remainder when 469 is divided by 82?
59
What is the remainder when 11216 is divided by 24?
8
What is the remainder when 58 is divided by 49?
9
What is the remainder when 1403 is divided by 44?
39
What is the remainder w